{"id":285,"date":"2018-11-04T20:35:49","date_gmt":"2018-11-05T02:35:49","guid":{"rendered":"http:\/\/comunitaria.ufro.cl\/?page_id=285"},"modified":"2023-07-17T11:12:32","modified_gmt":"2023-07-17T14:12:32","slug":"maria-pia-martin-munchmeyer","status":"publish","type":"page","link":"https:\/\/comunitaria.ufro.cl\/index.php\/maria-pia-martin-munchmeyer\/","title":{"rendered":"Mar\u00eda P\u00eda Martin M\u00fcnchmeyer"},"content":{"rendered":"<p><strong>Dra. Mar\u00eda P\u00eda Martin, Universidad de Chile<\/strong><br \/>\n<em>Visitante<\/em><\/p>\n<hr \/>\n<p>Acad\u00e9mica Departamento Ingenier\u00eda Industrial, Facultad de Ciencias F\u00edsicas y Matem\u00e1ticas, Universidad de Chile. Doctora en Pol\u00edticas P\u00fablicas y Mag\u00edster en Ciencia Pol\u00edtica de la Universidad Aut\u00f3noma de Barcelona. Soci\u00f3loga de la Universidad de Chile.<\/p>\n<p>Sus campos de investigaci\u00f3n se centran en An\u00e1lisis de Pol\u00edticas P\u00fablicas, Pol\u00edticas Sociales y Sistemas de Protecci\u00f3n Social, y Gesti\u00f3n P\u00fablica.<\/p>\n<p><span style=\"font-weight: 400;\">Actualmente se desempe\u00f1a como Directora Mag\u00edster en Gesti\u00f3n y Pol\u00edticas P\u00fablicas Universidad de Chile y es Subdirectora de la Escuela de Postgrado y Educaci\u00f3n Continua de la Facultad de Ciencias F\u00edsicas y Matem\u00e1ticas de la Universidad de Chile. Es miembro del Comit\u00e9 acad\u00e9mico del Mag\u00edster en Gesti\u00f3n y Desarrollo Regional y Local (MAGDEL) de la Facultad de Gobierno de la Universidad de Chile.\u00a0 Es miembro del claustro del Mag\u00edster en Estudios Interdisciplinarios en Infancias y miembro del N\u00facleo de Estudios Interdisciplinarios en Infancias FACSO Universidad de Chile. Es miembro del Comit\u00e9 Directivo del Centro de Sistemas P\u00fablicos de la Universidad de Chile.<\/span><\/p>\n<p><span style=\"font-weight: 400;\">Es <\/span><span style=\"font-weight: 400;\">Editora de la Revista Estudios de Pol\u00edticas P\u00fablicas de la Universidad de Chile.<\/span><\/p>\n<p><span style=\"font-weight: 400;\">Es Consejera del Consejo de Alta Direcci\u00f3n P\u00fablica de Chile.<\/span><\/p>\n<p><span style=\"font-weight: 400;\">Se ha desempe\u00f1ado en cargos de alta gesti\u00f3n p\u00fablica, como asesora en pol\u00edticas p\u00fablicas en los staff presidenciales de los gobiernos de Michelle Bachelet y Ricardo Lagos. <\/span><span style=\"font-weight: 400;\">Se ha desempe\u00f1ado como consultora senior en diversos organismos internacionales como Banco Mundial, BID, OIT y UNICEF.<\/span><\/p>\n","protected":false},"excerpt":{"rendered":"<p>Dra. Mar\u00eda P\u00eda Martin, Universidad de Chile Visitante Acad\u00e9mica Departamento Ingenier\u00eda Industrial, Facultad de Ciencias F\u00edsicas y Matem\u00e1ticas, Universidad de Chile. Doctora en Pol\u00edticas P\u00fablicas y Mag\u00edster en Ciencia Pol\u00edtica de la Universidad Aut\u00f3noma de Barcelona. Soci\u00f3loga de la Universidad de Chile. Sus campos de investigaci\u00f3n se centran en An\u00e1lisis de Pol\u00edticas P\u00fablicas, Pol\u00edticas Sociales&hellip; <br \/> <a class=\"button small blue\" href=\"https:\/\/comunitaria.ufro.cl\/index.php\/maria-pia-martin-munchmeyer\/\">Leer m\u00e1s<\/a><\/p>\n","protected":false},"author":1,"featured_media":178,"parent":0,"menu_order":0,"comment_status":"closed","ping_status":"closed","template":"page-nosidebar.php","meta":{"footnotes":""},"_links":{"self":[{"href":"https:\/\/comunitaria.ufro.cl\/index.php\/wp-json\/wp\/v2\/pages\/285"}],"collection":[{"href":"https:\/\/comunitaria.ufro.cl\/index.php\/wp-json\/wp\/v2\/pages"}],"about":[{"href":"https:\/\/comunitaria.ufro.cl\/index.php\/wp-json\/wp\/v2\/types\/page"}],"author":[{"embeddable":true,"href":"https:\/\/comunitaria.ufro.cl\/index.php\/wp-json\/wp\/v2\/users\/1"}],"replies":[{"embeddable":true,"href":"https:\/\/comunitaria.ufro.cl\/index.php\/wp-json\/wp\/v2\/comments?post=285"}],"version-history":[{"count":8,"href":"https:\/\/comunitaria.ufro.cl\/index.php\/wp-json\/wp\/v2\/pages\/285\/revisions"}],"predecessor-version":[{"id":3243,"href":"https:\/\/comunitaria.ufro.cl\/index.php\/wp-json\/wp\/v2\/pages\/285\/revisions\/3243"}],"wp:featuredmedia":[{"embeddable":true,"href":"https:\/\/comunitaria.ufro.cl\/index.php\/wp-json\/wp\/v2\/media\/178"}],"wp:attachment":[{"href":"https:\/\/comunitaria.ufro.cl\/index.php\/wp-json\/wp\/v2\/media?parent=285"}],"curies":[{"name":"wp","href":"https:\/\/api.w.org\/{rel}","templated":true}]}}