{"id":3030,"date":"2022-01-18T21:16:05","date_gmt":"2022-01-19T00:16:05","guid":{"rendered":"http:\/\/comunitaria.ufro.cl\/?page_id=3030"},"modified":"2023-07-17T14:43:48","modified_gmt":"2023-07-17T17:43:48","slug":"paula-alonqueo","status":"publish","type":"page","link":"https:\/\/comunitaria.ufro.cl\/index.php\/paula-alonqueo\/","title":{"rendered":"PAULA ALONQUEO"},"content":{"rendered":"<p><strong>Dra. Paula Alonqueo<\/strong><\/p>\n<p><em>Permanente.<\/em><\/p>\n<hr \/>\n<p><span style=\"font-weight: 400;\">Psic\u00f3loga y Mag\u00edster en Psicolog\u00eda por la Universidad de La Frontera, y Doctora en Psicolog\u00eda Evolutiva por la Universidad Aut\u00f3noma de Madrid, Espa\u00f1a. Es acad\u00e9mica e investigadora del Departamento de Psicolog\u00eda de la Universidad de La Frontera, Temuco Chile.<\/span><\/p>\n<p><span style=\"font-weight: 400;\">Dicta clases de Psicolog\u00eda Evolutiva infantil <\/span><span style=\"font-weight: 400;\">en programas <\/span><span style=\"font-weight: 400;\">de pre y postgrado.<\/span><span style=\"font-weight: 400;\"> Ha dirigido tesis de Mag\u00edster y Doctorado.<\/span><\/p>\n<p><span style=\"font-weight: 400;\">Desarrolla un Programa de investigaci\u00f3n en torno al desarrollo y aprendizaje infantil en contextos interculturales en que se han desarrollado varios proyectos de investigaci\u00f3n y del cual han derivado un importante n\u00famero de publicaciones cient\u00edficas. Dirige el Laboratorio Cognici\u00f3n y Cultura Kimkantun en el que se forman nuevos investigadores y se desarrollan investigaciones interdisciplinarias referidas principalmente a la infancia mapuche y el impacto de pr\u00e1cticas coloniales en sus procesos de desarrollo y aprendizaje.<\/span><\/p>\n\n\n<p><\/p>\n","protected":false},"excerpt":{"rendered":"<p>Dra. Paula Alonqueo Permanente. Psic\u00f3loga y Mag\u00edster en Psicolog\u00eda por la Universidad de La Frontera, y Doctora en Psicolog\u00eda Evolutiva por la Universidad Aut\u00f3noma de Madrid, Espa\u00f1a. Es acad\u00e9mica e investigadora del Departamento de Psicolog\u00eda de la Universidad de La Frontera, Temuco Chile. Dicta clases de Psicolog\u00eda Evolutiva infantil en programas de pre y postgrado.&hellip; <br \/> <a class=\"button small blue\" href=\"https:\/\/comunitaria.ufro.cl\/index.php\/paula-alonqueo\/\">Leer m\u00e1s<\/a><\/p>\n","protected":false},"author":7,"featured_media":2900,"parent":0,"menu_order":0,"comment_status":"closed","ping_status":"closed","template":"page-nosidebar.php","meta":{"footnotes":""},"_links":{"self":[{"href":"https:\/\/comunitaria.ufro.cl\/index.php\/wp-json\/wp\/v2\/pages\/3030"}],"collection":[{"href":"https:\/\/comunitaria.ufro.cl\/index.php\/wp-json\/wp\/v2\/pages"}],"about":[{"href":"https:\/\/comunitaria.ufro.cl\/index.php\/wp-json\/wp\/v2\/types\/page"}],"author":[{"embeddable":true,"href":"https:\/\/comunitaria.ufro.cl\/index.php\/wp-json\/wp\/v2\/users\/7"}],"replies":[{"embeddable":true,"href":"https:\/\/comunitaria.ufro.cl\/index.php\/wp-json\/wp\/v2\/comments?post=3030"}],"version-history":[{"count":4,"href":"https:\/\/comunitaria.ufro.cl\/index.php\/wp-json\/wp\/v2\/pages\/3030\/revisions"}],"predecessor-version":[{"id":3285,"href":"https:\/\/comunitaria.ufro.cl\/index.php\/wp-json\/wp\/v2\/pages\/3030\/revisions\/3285"}],"wp:featuredmedia":[{"embeddable":true,"href":"https:\/\/comunitaria.ufro.cl\/index.php\/wp-json\/wp\/v2\/media\/2900"}],"wp:attachment":[{"href":"https:\/\/comunitaria.ufro.cl\/index.php\/wp-json\/wp\/v2\/media?parent=3030"}],"curies":[{"name":"wp","href":"https:\/\/api.w.org\/{rel}","templated":true}]}}

<p><strong>Dra. Paula Alonqueo</strong></p>
<p><em>Permanente.</em></p>
<hr />
<p><span style="font-weight: 400;">Psicóloga y Magíster en Psicología por la Universidad de La Frontera, y Doctora en Psicología Evolutiva por la Universidad Autónoma de Madrid, España. Es académica e investigadora del Departamento de Psicología de la Universidad de La Frontera, Temuco Chile.</span></p>
<p><span style="font-weight: 400;">Dicta clases de Psicología Evolutiva infantil </span><span style="font-weight: 400;">en programas </span><span style="font-weight: 400;">de pre y postgrado.</span><span style="font-weight: 400;"> Ha dirigido tesis de Magíster y Doctorado.</span></p>
<p><span style="font-weight: 400;">Desarrolla un Programa de investigación en torno al desarrollo y aprendizaje infantil en contextos interculturales en que se han desarrollado varios proyectos de investigación y del cual han derivado un importante número de publicaciones científicas. Dirige el Laboratorio Cognición y Cultura Kimkantun en el que se forman nuevos investigadores y se desarrollan investigaciones interdisciplinarias referidas principalmente a la infancia mapuche y el impacto de prácticas coloniales en sus procesos de desarrollo y aprendizaje.</span></p>


<p></p>

<p>Dra. Paula Alonqueo Permanente. Psicóloga y Magíster en Psicología por la Universidad de La Frontera, y Doctora en Psicología Evolutiva por la Universidad Autónoma de Madrid, España. Es académica e investigadora del Departamento de Psicología de la Universidad de La Frontera, Temuco Chile. Dicta clases de Psicología Evolutiva infantil en programas de pre y postgrado.&hellip; <br /> <a class="button small blue" href="https://comunitaria.ufro.cl/index.php/paula-alonqueo/">Leer más</a></p>
