{"id":34,"date":"2018-08-26T16:56:15","date_gmt":"2018-08-26T19:56:15","guid":{"rendered":"http:\/\/comunitaria.ufro.cl\/index.php\/mdocuments-library\/"},"modified":"2019-06-10T10:02:34","modified_gmt":"2019-06-10T13:02:34","slug":"biblioteca","status":"publish","type":"page","link":"https:\/\/comunitaria.ufro.cl\/index.php\/biblioteca\/","title":{"rendered":"Biblioteca"},"content":{"rendered":"<p>La productividad cient\u00edfica en el Magister de Psicolog\u00eda Comunitaria da cuenta del alto est\u00e1ndar de nuestro staff docente. Aqu\u00ed te dejamos los enlaces a algunas de sus publicaciones<\/p>\n<p>[mdocs]<\/p>\n<p style=\"text-align: left;\"><strong>Articulo de Marina Alarc\u00f3n Espinoza<\/strong><\/p>\n<p style=\"text-align: left;\"><em>\u00abConductas prosociales y responsabilidad social universitaria: \u00bfEn la b\u00fasqueda de un c\u00edrculo virtuoso?\u00bb<\/em><\/p>\n<p style=\"text-align: left;\"><a href=\"http:\/\/comunitaria.ufro.cl\/wp-content\/uploads\/2019\/06\/Alarco\u0301n-Espinoza.pdf\">Leer Aqu\u00ed<\/a><\/p>\n<p style=\"text-align: left;\"><strong>Art\u00edculo de Andrade, Garc\u00eda y Zambrano<\/strong><\/p>\n<p style=\"text-align: left;\"><em>\u00abModelo Operativo de gesti\u00f3n de redes sociales para el sistema penal adolescente, Chile\u00bb<\/em><\/p>\n<p style=\"text-align: left;\"><a href=\"http:\/\/comunitaria.ufro.cl\/wp-content\/uploads\/2019\/06\/Andrade-Garcia-y-Zambrano.pdf\">Leer aqu\u00ed<\/a><\/p>\n<p style=\"text-align: left;\"><strong>Art\u00ecculo de Avello, Rom\u00e1n y Zambrano<\/strong><\/p>\n<p style=\"text-align: left;\"><em>\u00abIntervenci\u00f3n sociocomunitaria en programas de rehabilitaci\u00f3n psicosocial: Un estudio de casos en dos equipos del sur de Chile\u00bb<\/em><\/p>\n<p><a href=\"http:\/\/comunitaria.ufro.cl\/wp-content\/uploads\/2019\/06\/AvelloRoman-Zambrano.pdf\">Leer aqu\u00ed<\/a><\/p>\n<p style=\"text-align: left;\"><em>\u00abResponsabilidad penal adolescente en Chile: propuestas para implementar la intervenci\u00f3n psicosocial en Secciones Juveniles\u00bb<\/em><\/p>\n<p>&nbsp;<\/p>\n<p style=\"text-align: left;\"><strong>Art\u00edculo de Alarc\u00f3n, Canquil y Zambrano<\/strong><\/p>\n<p style=\"text-align: left;\"><em>\u00abIncorporaci\u00f3n del enfoque\u00a0 psicoeducativo a la gesti\u00f3n educativa en programas de acogimiento residencial haciendo uso de la Metodolog\u00eda Investigaci\u00f3n Acci\u00f3n\u00bb<\/em><\/p>\n<p>&nbsp;<\/p>\n<p><a href=\"http:\/\/comunitaria.ufro.cl\/wp-content\/uploads\/2019\/06\/CanquilAlarconZambrano.pdf\">Leer aqu\u00ed<\/a><\/p>\n<p style=\"text-align: left;\"><strong>Art\u00edculo de Alarc\u00f3n , Jaque, Sandoval<\/strong><\/p>\n<p style=\"text-align: left;\"><em>\u00abFamilias en situaciones de crisis cr\u00f3nicas: caracter\u00edsticas e intervenci\u00f3n\u00bb<\/em><\/p>\n<p>&nbsp;<\/p>\n<p>&nbsp;<\/p>\n<p style=\"text-align: left;\"><strong>Art\u00edculo de Miranda y Zambrano<\/strong><\/p>\n<p style=\"text-align: left;\"><em>\u00abFactores asociados a la interrupci\u00f3n y mantenimiento de conductas delictivas: \u201cUn estudio con adolescentes atendidos por el Programa de Intervenci\u00f3n Integral Especializada de la comuna de Osorno, Chile\u201d<\/em><\/p>\n<p><a href=\"http:\/\/comunitaria.ufro.cl\/wp-content\/uploads\/2019\/06\/MirandaZambrano.pdf\">Leer aqu\u00ed<\/a><\/p>\n<p style=\"text-align: left;\"><strong>Art\u00edculo de Mu\u00f1oz, P\u00e9rez-Luco, Pincheira y Zambrano<\/strong><\/p>\n<p style=\"text-align: left;\"><em>\u00abPropiedades psicom\u00e9tricas de una herramienta de evaluaci\u00f3n para las redes focales de adolescentes infractores de ley\u00bb<\/em><\/p>\n<p>&nbsp;<\/p>\n<p><a href=\"http:\/\/comunitaria.ufro.cl\/wp-content\/uploads\/2019\/06\/Mu\u00f1ozPincheiraZambranoPerz-Luco.pdf\">Leer aqu\u00ed<\/a><\/p>\n<p style=\"text-align: left;\"><strong>Art\u00edculo de Alarc\u00f3n y Saban<\/strong><\/p>\n<p style=\"text-align: left;\"><em>\u00abSignificados del actuar delictivo adolescente: perspectiva de sus madres\u00bb<\/em><\/p>\n<p>&nbsp;<\/p>\n<p style=\"text-align: left;\">\n","protected":false},"excerpt":{"rendered":"<p>La productividad cient\u00edfica en el Magister de Psicolog\u00eda Comunitaria da cuenta del alto est\u00e1ndar de nuestro staff docente. Aqu\u00ed te dejamos los enlaces a algunas de sus publicaciones [mdocs] Articulo de Marina Alarc\u00f3n Espinoza \u00abConductas prosociales y responsabilidad social universitaria: \u00bfEn la b\u00fasqueda de un c\u00edrculo virtuoso?\u00bb Leer Aqu\u00ed Art\u00edculo de Andrade, Garc\u00eda y Zambrano&hellip; <br \/> <a class=\"button small blue\" href=\"https:\/\/comunitaria.ufro.cl\/index.php\/biblioteca\/\">Leer m\u00e1s<\/a><\/p>\n","protected":false},"author":1,"featured_media":0,"parent":0,"menu_order":0,"comment_status":"closed","ping_status":"closed","template":"page-nosidebar.php","meta":{"footnotes":""},"_links":{"self":[{"href":"https:\/\/comunitaria.ufro.cl\/index.php\/wp-json\/wp\/v2\/pages\/34"}],"collection":[{"href":"https:\/\/comunitaria.ufro.cl\/index.php\/wp-json\/wp\/v2\/pages"}],"about":[{"href":"https:\/\/comunitaria.ufro.cl\/index.php\/wp-json\/wp\/v2\/types\/page"}],"author":[{"embeddable":true,"href":"https:\/\/comunitaria.ufro.cl\/index.php\/wp-json\/wp\/v2\/users\/1"}],"replies":[{"embeddable":true,"href":"https:\/\/comunitaria.ufro.cl\/index.php\/wp-json\/wp\/v2\/comments?post=34"}],"version-history":[{"count":14,"href":"https:\/\/comunitaria.ufro.cl\/index.php\/wp-json\/wp\/v2\/pages\/34\/revisions"}],"predecessor-version":[{"id":1171,"href":"https:\/\/comunitaria.ufro.cl\/index.php\/wp-json\/wp\/v2\/pages\/34\/revisions\/1171"}],"wp:attachment":[{"href":"https:\/\/comunitaria.ufro.cl\/index.php\/wp-json\/wp\/v2\/media?parent=34"}],"curies":[{"name":"wp","href":"https:\/\/api.w.org\/{rel}","templated":true}]}}